what is 40c3 - -18e6?
59a9
In base 16, what is -6 - 61c73f?
-61c745
In base 5, what is -121 - 23022332?
-23023003
In base 15, what is -547 - 27c0?
-2d17
In base 15, what is 1d34 - 5e7?
173c
In base 6, what is -5 + -4134454542?
-4134454551
In base 16, what is 24 + 3c944?
3c968
In base 10, what is 261483 + 649?
262132
In base 13, what is -44 - -73b0a?
73a96
In base 13, what is -16b2c48 - -5?
-16b2c43
In base 14, what is -d69 + -63242?
-641ab
In base 16, what is -2 + 1300f15?
1300f13
In base 3, what is 221211002 - 11201101122?
-10202120120
In base 5, what is 20113 + 2023320?
2043433
In base 8, what is -11234 - 130213?
-141447
In base 3, what is 0 + 10100011022200?
10100011022200
In base 7, what is 20440213 + 4?
20440220
In base 10, what is 2 + -1579733?
-1579731
In base 9, what is 31574 + -1423?
30151
In base 9, what is -1 - 46380002?
-46380003
In base 7, what is 66 - 1415633?
-1415534
In base 3, what is 2012220 - -22100100011?
22102120001
In base 5, what is -31000211 - 21133?
-31021344
In base 10, what is -114 - -12724923?
12724809
In base 15, what is 3 + b8d46b?
b8d46e
In base 5, what is 3 + 314340423?
314340431
In base 5, what is 1120203 - 132142?
433011
In base 11, what is 2825a2814 + -5?
2825a280a
In base 12, what is 4860823 - 4?
486081b
In base 6, what is 420031 + -50232?
325355
In base 14, what is 1381d4 - 44?
138190
In base 5, what is -113102 + -2233121?
-2401223
In base 11, what is 54 + -1a45164?
-1a45110
In base 13, what is -a6 - 14c97a?
-14ca53
In base 2, what is -1011011010 - -11000010011111000?
11000001000011110
In base 9, what is -4310243000 + -1?
-4310243001
In base 11, what is 2 + -34799349?
-34799347
In base 11, what is 4 + 24716a3?
24716a7
In base 6, what is -40250 - 2024?
-42314
In base 2, what is -100011010 + 110000101000000111?
110000100011101101
In base 11, what is -18424 + 1336?
-17099
In base 4, what is -101320322211 + -322?
-101320323133
In base 6, what is -20140415 + -104?
-20140523
In base 2, what is 10011100010110110101 + 1000011100?
10011100011111010001
In base 3, what is 210102 - 101221111102?
-101220201000
In base 8, what is -275173012 + -7?
-275173021
In base 8, what is -133263237 + 5?
-133263232
In base 8, what is 3076 - -1363?
4461
In base 9, what is 226 + 41661?
41887
In base 11, what is -295747 - -13?
-295734
In base 11, what is -26167442 + -9?
-26167450
In base 6, what is -1 - -11504133?
11504132
In base 11, what is 13a2938 + -3?
13a2935
In base 3, what is 1020001202 - 1021122?
1011210010
In base 16, what is -746 - 1ee?
-934
In base 16, what is -c8e96 - -5d?
-c8e39
In base 9, what is -86883 + 115?
-86767
In base 10, what is -4 - -33274476?
33274472
In base 16, what is -2 - 4f33e6?
-4f33e8
In base 14, what is 69224d + 12?
692261
In base 9, what is -3 + -645443?
-645446
In base 5, what is 31 + -4131023?
-4130442
In base 7, what is -4 - -1614534541?
1614534534
In base 16, what is 2 - 10a49ea?
-10a49e8
In base 15, what is 4ae0 - 8?
4ad7
In base 2, what is 11010100110011110000110010 + -101?
11010100110011110000101101
In base 6, what is -1500 - -2515404?
2513504
In base 15, what is 986949 - -3e?
986988
In base 6, what is 4125101214 + 5?
4125101223
In base 4, what is 10 + 1000312203030?
1000312203100
In base 15, what is 3 - 3566d9?
-3566d6
In base 2, what is -10111 - 1111000001000011111100?
-1111000001000100010011
In base 6, what is -5 - -12440332124?
12440332115
In base 12, what is 15 + a11?
a26
In base 14, what is 1505c3 - -c?
1505d1
In base 12, what is 2557158 + 3?
255715b
In base 4, what is 220333213 + -320?
220332233
In base 15, what is -d80 + -2c00a?
-2cd8a
In base 13, what is 25 + 12a168?
12a190
In base 12, what is -131587a18 + -2?
-131587a1a
In base 5, what is 30 - -1341033031?
1341033111
In base 3, what is 2012121 - -110202?
2200100
In base 2, what is -1000100100101000111 - -1111?
-1000100100100111000
In base 9, what is -481580 - 248?
-481838
In base 9, what is -7623533 - 2?
-7623535
In base 8, what is 245 - 736721?
-736454
In base 14, what is 4 - 15d576c?
-15d5768
In base 12, what is -2 + -17208?
-1720a
In base 4, what is -210111312231 + -103?
-210111313000
In base 12, what is 2145 + a53?
2b98
In base 3, what is -212021012 + -202200110?
-1121221122
In base 9, what is 256806 + -1453?
255343
In base 15, what is -33 - -7b6e?
7b3b
In base 4, what is -201210030 - -112?
-201203312
In base 7, what is 3146 - 25541?
-22362
In base 12, what is 5a17518 + -3?
5a17515
In base 11, what is -14222 - -449?
-13884
In base 5, what is -30011203 - 13402?
-30030110
In base 6, what is 33535442 + 41?
33535523
In base 16, what is 1d842 + 6b?
1d8ad
In base 9, what is -3247 + 87145?
83787
In base 16, what is 170c - c2c7?
-abbb
In base 16, what is 33d06 + -68?
33c9e
In base 12, what is -25 + -68216?
-6823b
In base 15, what is -b - d8d6c?
-d8d78
In base 13, what is 2 + -3a95915?
-3a95913
In base 4, what is -1102331 + 1132322?
23331
In base 15, what is -4 + 1adca8?
1adca4
In base 8, what is 20 - -3670436?
3670456
In base 4, what is -2 + -12112132112312?
-12112132112320
In base 10, what is 89 + -5698723?
-5698634
In base 12, what is -96 + -71655?
-7172b
In base 6, what is -13123404013 + 0?
-13123404013
In base 6, what is 1435000 - -5?
1435005
In base 7, what is 36 - -155504?
155543
In base 12, what is b8427814 - -3?
b8427817
In base 3, what is 1222222012 - -1201?
2000000220
In base 5, what is -131 - 2244113443?
-2244114124
In base 6, what is 51211552155 - -1?
51211552200
In base 16, what is -42 + 336ac?
3366a
In base 10, what is -28 + 32648?
32620
In base 12, what is 142 - 78b722?
-78b5a0
In base 12, what is 0 - -9a4401b?
9a4401b
In base 5, what is -11222 - -122034?
110312
In base 8, what is -57106 + -22?
-57130
In base 6, what is -514051222 + -11?
-514051233
In base 4, what is 11131330 - 110011?
11021313
In base 6, what is -10 - 34503414?
-34503424
In base 3, what is -22001122101 + 2100?
-22001120001
In base 4, what is 12322132001320 + 12?
12322132001332
In base 3, what is 2 + 122212101002?
122212101011
In base 11, what is -16 + 92145?
9212a
In base 16, what is -136c + -1247?
-25b3
In base 13, what is 4 - -2343ca?
234401
In base 12, what is 110b8 + a67b?
1b777
In base 16, what is 3 - -3271ef?
3271f2
In base 4, what is 232 + -100022010?
-100021112
In base 15, what is 87a2 + -5145?
365c
In base 12, what is -15 - 4215?
-422a
In base 14, what is 48 - -1085309?
1085353
In base 5, what is -200330020 + 4?
-200330011
In base 11, what is 9801a6 + 78?
980273
In base 8, what is -367145 + -123?
-367270
In base 9, what is -114603776 + 2?
-114603774
In base 9, what is -5030711 - -6?
-5030704
In base 11, what is 364 - -59143?
594a7
In base 16, what is -8 + 221f8?
221f0
In base 15, what is -1162c36 + 8?
-1162c2d
In base 15, what is 3d - 48241?
-48203
In base 14, what is -65d7633 + 2?
-65d7631
In base 2, what is -1011101001010110 + 11111101?
-1011100101011001
In base 16, what is 1a2d + 23ae?
3ddb
In base 16, what is -5 - 18c6d9?
-18c6de
In base 14, what is 94c186 + 2?
94c188
In base 16, what is 1 - -241832?
241833
In base 11, what is -41a - -28150a?
2810a0
In base 12, what is -4992 + -a38a?
-13160
In base 14, what is -1522 - -538?
-dc8
In base 15, what is c2 - 216bab?
-216ad9
In base 5, what is 124 + 10121031?
10121210
In base 15, what is -2 + 20de8e?
20de8c
In base 2, what is 101111111111100000101 + -11110100?
101111111111000010001
In base 7, what is -1235005 + 0?
-1235005
In base 8, what is 203316 - -1722?
205240
In base 9, what is -242 + -13183?
-13435
In base 15, what is 823 - -5e98?
67bb
In base 8, what is -1111060 + -22?
-1111102
In base 12, what is 711600 + 9?
711609
In base 4, what is -102232 + -1322233?
-2031131
In base 14, what is 3 - 33d8a70c?
-33d8a709
In base 2, what is 10110 - 1000110011000010000?
-1000110010111111010
In base 3, what is 11102121 + 102020210?
120200101
In base 13, what is -40049 + 4511?
-38838
In base 3, what is 1102 + -1111001000?
-1110222121
In base 9, what is 44253528 - -4?
44253533
In base 15, what is 0 + 6ce11?
6ce11
In base 9, what is -23138 - 146?
-23285
In base 6, what is 44433 + 55045?
143522
In base 9, what is -250545677 + 0?
-250545677
In base 6, what is 52 + 1144500041?
1144500133
In base 14, what is 4 - -262231?
262235
In base 8, what is -244 - 113006?
-113252
In base 2, what is -110011011111110000010 - 10